 8*g - 8. Let h be l(-6). Let a be -1 + 0 + h - (-77 + -4). Let c = a + -19. What is the tens digit of c?
6
Let i be (6/8)/((-455)/228 + 2). Suppose -4*q - 3*r = -i, -2*r + 64 = q + 3*r. Let s = q + -4. What is the units digit of s?
5
Let k(v) = v**3 - 14*v**2 + 12*v + 13. Let t be k(13). Suppose -r = 8*s - 5*s - 345, t = 5*s + 20. Let a = -249 + r. What is the tens digit of a?
0
Suppose -754*b = -914*b + 1486078 + 2175522. What is the thousands digit of b?
2
Suppose 0 = -3937*o + 3924*o + 9334. What is the hundreds digit of o?
7
Suppose -336455 = -8*g + 220585. What is the thousands digit of g?
9
Suppose 0 = -26*z - 85*z + 2175489. What is the units digit of z?
9
Suppose 5*m + 3418 = 2*r - 1230, 935 = -m - 5*r. Let q = -585 - m. What is the hundreds digit of q?
3
Suppose 21470 + 63664 = 3*q + 15969. What is the tens digit of q?
5
Let u(i) = -4*i + 6 - 18*i + 5*i - 5. Suppose -3*r + 110 = 122. What is the tens digit of u(r)?
6
Suppose 2629 = 4*f + 2573. Let y = 46 + -10. What is the hundreds digit of 1700/f + y/(-84)?
1
What is the thousands digit of (4/(-3))/(-2) - (-25 - (-1492787)/(-51))?
9
Let s = -15 - -48. Let t(r) = 1 + 0 - 4 + 4 + s*r. What is the tens digit of t(2)?
6
Let y be (-5 - -1)*(-3)/4. Suppose -1701 - 3114 = -y*o. What is the hundreds digit of o?
6
Let s = -44249 + 89177. What is the units digit of s?
8
Let i(q) = 6*q - 21. Let y be i(4). Suppose 15*x - 332 = -v + 10*x, 986 = y*v + 5*x. What is the tens digit of v?
2
Let w(i) = 6*i - 38. Let c be w(8). Suppose 25 = c*s + 95. Let u = s + 19. What is the units digit of u?
2
Suppose 0 = -16*i + 29041 + 15647. Suppose 0 = 7*g - i + 224. What is the tens digit of g?
6
Let m(v) = v**3 + 4*v**2 - 12*v + 7. Let f be m(-6). Suppose 8 = 5*o - f. Suppose 3*l + 144 = 3*a, -80 = -2*a - o*l + 41. What is the units digit of a?
3
Let p(t) = t**3 - 6*t**2 - 2. Let o be p(6). Let z be (0 + 3/(-2))*(o + 0). Suppose -3*m - 3*a = -2*m - 197, -z*a = -4*m + 728. What is the tens digit of m?
8
Let u(r) be the third derivative of r**5/60 + 3*r**4/4 - 17*r**3/6 - 17*r**2. Let j be u(-19). What is the units digit of ((-9)/j - -1)*-10?
5
Suppose 26*a - 109622 = -33*a. Let o = -883 + a. What is the tens digit of o?
7
What is the ten thousands digit of -1 + 35985 - (-461 - -456)?
3
Let o be 21/3 + 56/(-8). Suppose 4*n - 5087 = h - 2*h, -5*n - 3*h + 6350 = o. What is the hundreds digit of n?
2
Let l(o) = 4*o**2 + 138*o - 3836. What is the units digit of l(71)?
6
Suppose 0 = 8*g - 102827 - 391917 + 85976. What is the thousands digit of g?
1
Let i(l) = 86*l - 81*l - 13 - 61*l. What is the hundreds digit of i(-3)?
1
Suppose -v = 4, 15*o + 29 = 20*o - v. Let b(w) = 26*w**2 - 24. What is the units digit of b(o)?
6
Let p = 75 - 330. What is the hundreds digit of (-28)/4 - p - 5?
2
Suppose 31*h + h = -30*h + 1752864. What is the units digit of h?
2
Let v(f) be the second derivative of -f**5/20 + 5*f**4/4 + 7*f**3/6 + f**2 - 6*f + 1. What is the hundreds digit of v(9)?
5
Let c be (-7 - 104/(-16)) + (-562)/4. Let y = -48 - c. What is the tens digit of y?
9
Let j = -10651 + 60458. What is the thousands digit of j?
9
Suppose 0 = -45*q + 48*q - 3. What is the tens digit of -298*(1/(q + 0) - 2)?
9
Suppose 2*s = -j + 9050, j - s - 11337 + 2287 = 0. What is the tens digit of j?
5
Let v(s) = s**3 - 9*s**2 + 6*s + 13. Let o be v(9). Suppose -m + 50 + 22 = 2*c, 3*m + 5*c = 216. Let u = m - o. What is the units digit of u?
5
Suppose 81*a - 1616 = 89*a. Let p = 473 + a. What is the hundreds digit of p?
2
Suppose a - d + 62 = 0, 0 = 5*a - 8*a + d - 190. Let g = a - -127. What is the tens digit of g?
6
What is the thousands digit of ((-239648)/(-192) + (-3)/6)*9*1?
1
Suppose 982 = 3*z + 5*j, -2*j + 660 = -0*z + 2*z. Let u = z - 63. What is the hundreds digit of u?
2
Suppose -4822 = -3*d - 796. What is the hundreds digit of d?
3
Suppose 25*i - 1039878 = -36*i + 19*i. What is the tens digit of i?
5
Suppose 0 = -151*j + 145*j. What is the units digit of 993 - 16/(-8)*(j - -1)?
5
Suppose 257 = -2*l + 3*l. Suppose 2701 - l = 26*o. What is the tens digit of o?
9
Let i(o) = o**2 + 27*o - 22. Let a be i(-27). Let v be (0 + 10/4)/((-11)/a). Suppose 0 = -b + v, -b + 245 = z - 0*b. What is the tens digit of z?
4
Suppose -527*j = -530*j + 7926. What is the hundreds digit of j?
6
Let h(r) = 59*r**2 - 3*r + 2. Suppose -2*j = 2*q - 12, -5*j - 19 = -4*q - 8*j. What is the tens digit of h(q)?
5
Suppose 2*f - 49 = -s, -f + 91 = 2*s - 10. What is the tens digit of -34 + 33 + s + -2?
4
Let b(u) = 251*u + 67. Let d be b(-6). Let s = 2497 + d. What is the hundreds digit of s?
0
Let z(g) = 7*g**2 - 48*g + 222. What is the hundreds digit of z(5)?
1
Let n = 242520 - 159587. What is the tens digit of n?
3
Suppose 0 = u + 1, 25 = 3*v + 2*v - 5*u. Suppose 419 = -d + v*d - 5*w, 4*d - 550 = -2*w. What is the hundreds digit of d?
1
Let k be 17/4 - (0 + 1/4). Let l(m) be the third derivative of 11*m**4/24 + 5*m**2. What is the units digit of l(k)?
4
Suppose -34 = -n + 5*n + 2*f, 4*n + f = -29. Let x be (n + -9)*3/(-5). Suppose -4*a = 4, -x*u + 234 = -5*u - 2*a. What is the tens digit of u?
5
Let n(z) = -z**2 + 2*z + 13. Let i be n(6). Let l(k) = -k**2 - 10*k + 3. Let m be l(i). Let h = m - -16. What is the units digit of h?
8
Let h be (16 + -26)/(-1 - -2). What is the hundreds digit of (444/h)/(4 + (-102)/25)?
5
Let w = 41028 + -22698. What is the tens digit of w?
3
Suppose -49*u + 98*u + 56*u = 1337700. What is the thousands digit of u?
2
Let k = -24 - -26. Suppose 3*s = z + 1267, k*s + z + 116 = 964. What is the tens digit of s?
2
Let m be (3 + -35)*(-2 - 260/8). Suppose -4*u + m = -2*w - 2*w, 0 = 5*u - w - 1400. Suppose 4*i + 3*c + 83 = 5*i, c + u = 3*i. What is the units digit of i?
5
Suppose -203 + 16 = -17*s. Suppose -19*g + s = -18*g. What is the units digit of g?
1
Suppose -5*s = 0, -4*m - s = -130089 - 92303. What is the units digit of m?
8
Let i = 27 + -27. Suppose -5*s + 4*m + 13 = 0, -5*s - 2*m + 1 + 0 = i. What is the units digit of (0 - -30) + (1 - 3)/s?
8
Suppose -5*i = -3*y + 6, -5*y = i - 3*y - 4. What is the tens digit of (2 + 195 - i)/(14/14)?
9
Suppose -4*f = -5*w + 175432, -4*f - 15814 = -w + 19298. What is the units digit of w?
0
Let y = -1668 + 2803. Suppose 5*a + 3*p = y + 565, 4*a - 5*p - 1397 = 0. Let s = a - 215. What is the units digit of s?
8
Suppose z = -2*z + 3*p + 24, -2*z + 20 = -4*p. Let k(s) = s**3 - 4*s**2 - 13*s + 14. Let h be k(z). Suppose 6*r + 278 = h*r. What is the units digit of r?
9
Let r(d) = -12*d**2 + 203*d + 26. Let c be r(18). Suppose 0*s - 240 = 5*s. What is the hundreds digit of 30/1*c/s?
1
Let d = -39 + 42. Let x be d + -4 + 0 + 0 + 3. Suppose 2*z - 2*w - x*w - 452 = 0, 0 = 5*w + 15. What is the hundreds digit of z?
2
Let j = 15898 + -9293. What is the hundreds digit of j?
6
Suppose 0 = -21*m + 3*m + 504. Suppose 3*x - 469 = -m. What is the hundreds digit of x?
1
Let h be -4*9/(-108)*9. Suppose 0 = -2*g - 5*t + 7*t + 808, -4*g + h*t = -1615. What is the units digit of g?
3
Suppose -3*k + 120 = -5*y - 124, -k = 2*y - 85. Let l = 11 + k. Suppose u - 3*s = -2*u + 171, -2*u - 3*s + l = 0. What is the tens digit of u?
5
Suppose -6*c = 2*c - 24. Suppose -c*u - 28476 = -24*u. What is the hundreds digit of u?
3
Let m(v) be the second derivative of v**4/12 + 13*v**3/6 + 11*v**2 + 15*v. Suppose 15 = 2*o - 5*o, 0 = -3*a - 5*o - 73. What is the tens digit of m(a)?
7
Let d(o) = -19*o + 6. Let c(b) = 2*b. Let x be c(-2). Let h be d(x). Suppose -36 = -2*l - 3*z, 0 = -4*l + 7*z - 8*z + h. What is the units digit of l?
1
Suppose 108 = -5*m + 3*u, 3*u + 18 = -m - 0. Let g = m + 76. What is the tens digit of g?
5
Let h = 9251 - 3515. What is the thousands digit of h?
5
Let o = 4828 + 6759. What is the hundreds digit of o?
5
Let x be (-36)/(-20)*(0 + 5). Suppose -x*k + 1638 = 9*k. What is the tens digit of k?
9
What is the thousands digit of 12*(112/(-12) - -10) - -70491?
0
Let w(p) = 9*p + 4. Let u = -7 + 6. Let o be 6 + 0 + (-1)/(u/2). What is the tens digit of w(o)?
7
What is the thousands digit of (-1 - (-319)/(-3))/((-120)/3420)?
3
Let p(t) be the first derivative of -22*t**2 + 95*t + 94. What is the units digit of p(-14)?
1
What is the ten thousands digit of ((-5)/5)/((-7)/620900*5)?
1
Suppose -6 = -3*q + q. Suppose q